 divisor of 36 and v.
4
Let x = 4 + 9. Let i = 30 - 4. What is the greatest common divisor of x and i?
13
Let o = -51 + 79. Let n be 588/(-16)*48/(-9). What is the greatest common divisor of n and o?
28
Suppose -t - 4*t + 10 = 0. Suppose -3*x + 4 = -t*n - 4, 4*x - 2*n - 14 = 0. Let v(h) = h**2. Let a be v(-2). What is the greatest common factor of a and x?
2
Suppose -3*d - 4 = 11. Let f = 17 + d. What is the greatest common divisor of 8 and f?
4
Suppose 4*s - 133 = -5*z, -5*z + 2*s = -3*s - 115. What is the greatest common factor of z and 5?
5
Let d be (8/12)/1*3. Suppose 4*n = -16, n + 0*n + 9 = m. Suppose -15 = m*x, -d*x + 68 = o + x. What is the highest common factor of 7 and o?
7
Let w(f) = 7*f. Let j(o) = o. Let h(m) = -6*j(m) + w(m). Let g be h(1). What is the highest common divisor of g and 2?
1
Suppose -3*a + 22 = s - 143, 4*s = 2*a - 110. Let k = -15 - 4. Let q = -8 - k. Calculate the greatest common factor of q and a.
11
Suppose 0 = g - 3*g. Suppose u + 4*t - 3 = g, 0 = t + 2*t. Calculate the highest common factor of u and 12.
3
Let w(o) = 2*o - 4. Let z be w(7). Let g be ((-9)/27)/(2/(-30)). Calculate the greatest common factor of z and g.
5
Suppose -4*j = 3*b + 52, 0*j = -5*b + 5*j - 110. Let u be (1 - 2) + (1 - b). What is the greatest common divisor of 20 and u?
20
Let o(f) = -f**3 - 4*f**2 + 5*f + 4. Let b be o(-5). Let g(p) = 7*p + 1. Let z be g(5). What is the greatest common factor of b and z?
4
Let w(b) = -b**2 + 8*b - 10. Let i be w(4). Let p(n) = n**2 + 7*n - 6. Let z be p(i). What is the greatest common divisor of z and 8?
8
Let l be (-5)/(((-1)/4)/(22/8)). What is the greatest common factor of 495 and l?
55
Suppose -3*p + 23 = -l, -8*p + 12*p - 5*l - 16 = 0. Let r(g) = -g**3 + 9*g**2 - 5*g + 3. Let a be r(4). What is the greatest common factor of p and a?
9
Let u(w) = 4*w + 5*w + w**2 - 9*w + 6. Let s be u(0). What is the greatest common divisor of 9 and s?
3
Suppose 34 + 34 = 5*m + l, m = -5*l + 4. Calculate the highest common divisor of 35 and m.
7
Suppose 3 = -5*v + 18. Let i be (18 - 2) + (-2)/2. What is the highest common factor of i and v?
3
Let d be ((-1)/1 - 0)*-7. Suppose 5*s + 2*x - 249 = 0, -s + 57 + 2 = 5*x. Calculate the highest common factor of s and d.
7
Suppose 0 = -2*i - 8, 0 = -2*o - 2*o + 5*i - 4. Let d be ((-18)/12)/(o/208). Calculate the highest common divisor of d and 130.
26
Let c(m) = m**3 + 8*m**2 + 6*m + 2. Let i be c(-7). What is the greatest common factor of 45 and i?
9
Let n be (165/(-20))/((-1)/4). Suppose 2*b + 3 = 3*b. What is the greatest common factor of b and n?
3
Let o(a) = -22*a**2 - a. Let m be o(-1). Let q be (-138)/7 - (-6)/m. Let f = 65 + q. Calculate the greatest common divisor of 9 and f.
9
Let i(c) = -c**2 - 3*c + 1. Let f be i(-3). Let z(w) = -f - 4*w**2 - 3 - 2*w + 5*w**2. Let n be z(4). Calculate the greatest common divisor of 4 and n.
4
Let y(u) = 2*u**2 + 9*u + 6. Let p be y(-6). Suppose p = 5*w - 21. What is the highest common divisor of w and 45?
9
Let c = 0 + 1. Let a(p) = -14*p. Let h be a(c). Let b be (-4)/(-8) - h/4. Calculate the greatest common factor of b and 36.
4
Let n(s) = 3*s - s - 5*s**2 - 6*s + 8*s**2. Let p be n(3). What is the greatest common divisor of 10 and p?
5
Let z = -16 - -26. Let t = 23 + -13. What is the greatest common factor of t and z?
10
Let o = 35 + -7. Let c be ((-14)/6)/(2/(-6)). What is the highest common divisor of o and c?
7
Let g = 4 - -1. Suppose g*x - 5*t - 55 = 0, 0 = 5*t - 2*t + 9. Suppose 8 + x = -4*b, -3*y = b - 23. Calculate the highest common divisor of y and 81.
9
Let l = 0 + 0. Let c be (l/(-2) + -1)/(-1). Suppose -1 = 3*w - 25. Calculate the greatest common divisor of c and w.
1
Let u(p) = p**2 + 9*p + 4. Let l be u(-12). What is the greatest common factor of 10 and l?
10
Suppose 0 = -2*r + 4 + 4. Suppose -2 = 3*z - r*z. Let d be 12/((-2)/2 + z). What is the highest common factor of 6 and d?
6
Suppose -y = 4*q + 52, 2*q + q - 5*y = -16. Let o = 0 + q. Let i be (o/9)/(4/(-30)). Calculate the highest common factor of 110 and i.
10
Suppose 2*i + 4*q - 24 = 0, -3*q = 5*i - i - 38. Let w be 4275/76 + -2 + (-21)/(-12). Calculate the highest common divisor of i and w.
8
Let y(o) = o**3 + 9*o**2 - o + 1. Let c be y(-9). What is the highest common divisor of 30 and c?
10
Suppose x - 20 = -7. Calculate the greatest common factor of x and 143.
13
Let a = 9 - 8. Calculate the highest common factor of 1 and a.
1
Suppose 181 + 303 = 4*c. What is the greatest common divisor of 11 and c?
11
Let x = 414 + 2. Let b be x/10 + 4/10. What is the greatest common factor of b and 6?
6
Suppose -2*w - 5*j + 11 = 0, -4*j - 1 + 5 = 0. Let d be w + (1 - 3) - -21. Let s be 54 - (0 - 3 - -2). What is the greatest common factor of s and d?
11
Let a be 69*((-30)/(-9) + -1). Calculate the greatest common factor of 23 and a.
23
Let p = -10 - -17. Let q(h) = -h**3 - 5*h**2 - 2*h - 6. Let k be q(-6). Let x be k*(-1 + 6/4). Calculate the greatest common factor of p and x.
7
Suppose -11 - 10 = -3*h - 3*y, h + 3*y = 13. Suppose -h*r + 11 = -17. What is the highest common divisor of r and 35?
7
Suppose 26 + 14 = 2*d. Calculate the highest common divisor of 160 and d.
20
Let d be 2 + (1 - 0 - 1). What is the greatest common factor of 5 and d?
1
Suppose 470 = 6*o - 310. Calculate the highest common factor of o and 26.
26
Let d = 55 - 27. What is the greatest common divisor of d and 7?
7
Let f(r) = r - 2. Let p be f(6). Suppose -3*u = -g - g + 145, -305 = -p*g + 3*u. What is the greatest common factor of g and 20?
20
Let d be 60/7 + 28/(-49). Calculate the highest common divisor of 32 and d.
8
Let h be (-3 + 5)/(2 - 0). Let z(w) = -3*w + 63. Let x(i) = -i. Let q(g) = h*z(g) - 2*x(g). Let v be q(0). What is the greatest common divisor of v and 9?
9
Let y(g) = -g - 3. Let s be y(-4). Let d be 1*s/(-2)*-2. Let u(k) = -k**3 + 5*k**2 - 2*k - 3. Let n be u(3). What is the greatest common factor of n and d?
1
Let a be ((-50)/(-4) - 2)*2. Let n(t) = 4*t - 2. Let j be n(4). Calculate the highest common divisor of j and a.
7
Suppose 2*p + p = 81. Let o be 87/p + (-2)/9. What is the greatest common divisor of 1 and o?
1
Let z(r) = r**2 - 8*r + 11. Let k be z(7). Suppose 5*f = k*t + 340, 20 = 3*t + t. What is the greatest common divisor of f and 8?
8
Let p be -1 - (3148/(-20) + (-4)/(-10)). What is the greatest common divisor of 12 and p?
12
Let r be 3/9*(14 + -2). Suppose 2*f - 24 = -r*y, 5*y - 6 + 26 = 0. What is the highest common divisor of 8 and f?
4
Let o be 14*(2 - 1)*-1. Let v be o/(-8)*9*8. Calculate the highest common divisor of 14 and v.
14
Suppose 57*p - 9 = 56*p. Calculate the highest common factor of p and 9.
9
Suppose z = -4*z. Suppose z*a = a. Let o be (-6)/3 - -26 - a. Calculate the highest common divisor of 3 and o.
3
Let p(t) = 20*t - 4. Let z be p(7). What is the highest common divisor of z and 8?
8
Suppose 4*z - 6*z = -5*s, 3*s - 42 = -3*z. What is the greatest common factor of 80 and z?
10
Suppose 3*h - 19 = 26. Let m be (9/h)/(2/10). Suppose -21 = -m*r + 15. What is the highest common factor of 3 and r?
3
Let w be (-62)/(-10) - (-4)/5. What is the highest common factor of w and 7?
7
Suppose -3*d + 47 = m, 2*d + 3 - 5 = 0. Suppose -3*x - 8 = -5*a, -2*a + 5*x - 8 = 4. Calculate the highest common divisor of a and m.
4
Let a(d) = d**3 - 7*d**2 + 2*d - 3. Let l be a(7). Calculate the highest common divisor of l and 33.
11
Suppose 12 = -4*d, 5*j - 3*d + 0 = 54. Suppose -3*q = k - 19 - 50, 4*q + 4 = 0. Calculate the greatest common divisor of k and j.
9
Let x(j) = -j**3 + 15*j + 17. Let s be x(-4). Let v = -339 + 486. What is the greatest common factor of v and s?
21
Let o = 0 - -4. Suppose -106 = -o*a + 2*h, 56 = 2*a - 2*h - 2*h. Let z = a + -16. What is the highest common factor of z and 40?
10
Suppose 3*a = 28 + 140. Let k be ((-2)/3)/((-1)/6). Suppose 5*f - 14 = k*f. What is the greatest common factor of a and f?
14
Suppose 4*o = -2*n + 24, -2*o + n = -o - 6. Suppose 4*s = o + 2. Suppose 2*y = -2*x - s, -2*x - 3*y - 9 = -2. Calculate the highest common divisor of x and 4.
4
Suppose 4*r + 8 = 0, 5*a = -2*r + 74 + 17. What is the highest common factor of a and 38?
19
Suppose -3*b = -0*j - 2*j - 32, j - 5 = 0. Calculate the greatest common divisor of 2 and b